{"id":4358,"date":"2019-04-29T12:53:15","date_gmt":"2019-04-29T18:53:15","guid":{"rendered":"https:\/\/diftuxpan.com\/web1\/?page_id=4358"},"modified":"2020-11-05T11:40:29","modified_gmt":"2020-11-05T17:40:29","slug":"actas-y-resoluciones-del-comite-de-transparencia","status":"publish","type":"page","link":"https:\/\/diftuxpan.com\/web1\/actas-y-resoluciones-del-comite-de-transparencia\/","title":{"rendered":"Actas y Resoluciones del Comit\u00e9 de Transparencia"},"content":{"rendered":"<p><span style=\"color: #000080;\"><a style=\"color: #000080;\" href=\"https:\/\/diftuxpan.com\/web1\/wp-content\/uploads\/2019\/04\/COMITE-TRANSPARENCIA-2018-2021-DIF-TUXPAN.pdf\">Comit\u00e9 Transparencia 2018-2021 DIF Tuxpan<\/a><\/span><\/p>\n<p><span style=\"color: #000080;\"><a style=\"color: #000080;\" href=\"https:\/\/diftuxpan.com\/web1\/wp-content\/uploads\/2019\/04\/primera-sesion-ordinaria.pdf\">Primera Sesi\u00f3n Ordinaria<\/a><\/span><\/p>\n<p><span style=\"color: #000080;\"><a style=\"color: #000080;\" href=\"https:\/\/diftuxpan.com\/web1\/wp-content\/uploads\/2019\/04\/F1-G.pdf\">Segunda Sesi\u00f3n Ordinaria\u00a0<\/a><\/span><\/p>\n<p><span style=\"color: #000080;\"><a style=\"color: #000080;\" href=\"https:\/\/diftuxpan.com\/web1\/wp-content\/uploads\/2019\/04\/sesion3.pdf\">Tercera Sesi\u00f3n Ordinaria\u00a0<\/a><\/span><\/p>\n<p><span style=\"color: #333399;\"><a style=\"color: #333399;\" href=\"https:\/\/diftuxpan.com\/web1\/wp-content\/uploads\/2019\/04\/Cuarta-Sesi\u00f3n-Ordinari.pdf\">Cuarta Sesi\u00f3n Ordinaria<\/a><\/span><\/p>\n","protected":false},"excerpt":{"rendered":"<p>Comit\u00e9 Transparencia 2018-2021 DIF Tuxpan Primera Sesi\u00f3n Ordinaria Segunda Sesi\u00f3n Ordinaria\u00a0 Tercera Sesi\u00f3n Ordinaria\u00a0 Cuarta Sesi\u00f3n Ordinaria<\/p>\n","protected":false},"author":2,"featured_media":0,"parent":0,"menu_order":0,"comment_status":"closed","ping_status":"closed","template":"","meta":[],"_links":{"self":[{"href":"https:\/\/diftuxpan.com\/web1\/wp-json\/wp\/v2\/pages\/4358"}],"collection":[{"href":"https:\/\/diftuxpan.com\/web1\/wp-json\/wp\/v2\/pages"}],"about":[{"href":"https:\/\/diftuxpan.com\/web1\/wp-json\/wp\/v2\/types\/page"}],"author":[{"embeddable":true,"href":"https:\/\/diftuxpan.com\/web1\/wp-json\/wp\/v2\/users\/2"}],"replies":[{"embeddable":true,"href":"https:\/\/diftuxpan.com\/web1\/wp-json\/wp\/v2\/comments?post=4358"}],"version-history":[{"count":7,"href":"https:\/\/diftuxpan.com\/web1\/wp-json\/wp\/v2\/pages\/4358\/revisions"}],"predecessor-version":[{"id":5810,"href":"https:\/\/diftuxpan.com\/web1\/wp-json\/wp\/v2\/pages\/4358\/revisions\/5810"}],"wp:attachment":[{"href":"https:\/\/diftuxpan.com\/web1\/wp-json\/wp\/v2\/media?parent=4358"}],"curies":[{"name":"wp","href":"https:\/\/api.w.org\/{rel}","templated":true}]}}