{"id":3673,"date":"2018-05-16T13:00:35","date_gmt":"2018-05-16T19:00:35","guid":{"rendered":"http:\/\/diftuxpan.com\/web1\/?page_id=3673"},"modified":"2019-05-30T10:25:31","modified_gmt":"2019-05-30T16:25:31","slug":"catalogo-de-disposicion-y-guia-de-archivo-documental","status":"publish","type":"page","link":"https:\/\/diftuxpan.com\/web1\/catalogo-de-disposicion-y-guia-de-archivo-documental\/","title":{"rendered":"Cat\u00e1logo de disposici\u00f3n y gu\u00eda de archivo documental"},"content":{"rendered":"<p><span style=\"color: #0000ff;\"><a style=\"color: #0000ff;\" href=\"http:\/\/diftuxpan.com\/web1\/wp-content\/uploads\/2018\/05\/XIII-criterios_catalogacion_conservacion.pdf\">Criterios Catalogaci\u00f3n Conservaci\u00f3n<\/a><\/span><\/p>\n","protected":false},"excerpt":{"rendered":"<p>Criterios Catalogaci\u00f3n Conservaci\u00f3n<\/p>\n","protected":false},"author":2,"featured_media":0,"parent":0,"menu_order":0,"comment_status":"closed","ping_status":"closed","template":"","meta":[],"_links":{"self":[{"href":"https:\/\/diftuxpan.com\/web1\/wp-json\/wp\/v2\/pages\/3673"}],"collection":[{"href":"https:\/\/diftuxpan.com\/web1\/wp-json\/wp\/v2\/pages"}],"about":[{"href":"https:\/\/diftuxpan.com\/web1\/wp-json\/wp\/v2\/types\/page"}],"author":[{"embeddable":true,"href":"https:\/\/diftuxpan.com\/web1\/wp-json\/wp\/v2\/users\/2"}],"replies":[{"embeddable":true,"href":"https:\/\/diftuxpan.com\/web1\/wp-json\/wp\/v2\/comments?post=3673"}],"version-history":[{"count":4,"href":"https:\/\/diftuxpan.com\/web1\/wp-json\/wp\/v2\/pages\/3673\/revisions"}],"predecessor-version":[{"id":4705,"href":"https:\/\/diftuxpan.com\/web1\/wp-json\/wp\/v2\/pages\/3673\/revisions\/4705"}],"wp:attachment":[{"href":"https:\/\/diftuxpan.com\/web1\/wp-json\/wp\/v2\/media?parent=3673"}],"curies":[{"name":"wp","href":"https:\/\/api.w.org\/{rel}","templated":true}]}}