{"id":3583,"date":"2018-05-14T12:35:59","date_gmt":"2018-05-14T18:35:59","guid":{"rendered":"http:\/\/diftuxpan.com\/web1\/?page_id=3583"},"modified":"2019-08-05T12:16:47","modified_gmt":"2019-08-05T18:16:47","slug":"evaluaciones-y-encuestas-que-hagan-los-sujetos-obligados-a-programas-financiados-con-recursos-publicos","status":"publish","type":"page","link":"https:\/\/diftuxpan.com\/web1\/evaluaciones-y-encuestas-que-hagan-los-sujetos-obligados-a-programas-financiados-con-recursos-publicos\/","title":{"rendered":"Evaluaciones y Encuestas de los Sujetos Obligados a Programas Financiados con Recursos P\u00fablicos"},"content":{"rendered":"<p><span style=\"color: #000080;\"><a style=\"color: #000080;\" href=\"http:\/\/diftuxpan.com\/web1\/wp-content\/uploads\/2018\/05\/III-F.pdf\">Evaluaciones y Encuestas del Sujeto Obligado a Programas Financiados con Recursos P\u00fablicos<\/a><\/span><\/p>\n<p><span style=\"color: #000000;\">CENTRO DE ATENCI\u00d3N ESPECIALIZADA EN TERAPIA FAMILIAR ( CAETF) :<\/span><\/p>\n<p><span style=\"color: #000080;\"><a style=\"color: #000080;\" href=\"https:\/\/diftuxpan.com\/web1\/wp-content\/uploads\/2018\/05\/Plan-dE-Restitucion.pdf\">Plan de Restituci\u00f3n<\/a><\/span><\/p>\n<p><span style=\"color: #000080;\"><a style=\"color: #000080;\" href=\"https:\/\/diftuxpan.com\/web1\/wp-content\/uploads\/2018\/05\/Plan-dE-Restitucion-primer-seguimiento.pdf\">Plan de Restituci\u00f3n primer seguimiento<\/a><\/span><\/p>\n<p><span style=\"color: #000080;\"><a style=\"color: #000080;\" href=\"https:\/\/diftuxpan.com\/web1\/wp-content\/uploads\/2018\/05\/Plan-dE-Restitucion-segundo-seguimiento.pdf\">Plan de Restituci\u00f3n segundo seguimiento<\/a><\/span><\/p>\n<p><span style=\"color: #000080;\"><a style=\"color: #000080;\" href=\"https:\/\/diftuxpan.com\/web1\/wp-content\/uploads\/2018\/05\/Plan-de-Restitucion-tercer-seguimiento.pdf\">Plan de Restituci\u00f3n tercer seguimiento<\/a><\/span><\/p>\n<p><span style=\"color: #000080;\"><a style=\"color: #000080;\" href=\"https:\/\/diftuxpan.com\/web1\/wp-content\/uploads\/2018\/05\/Plan-dE-Restitucion-de-Derechos.pdf\">Plan de Restituci\u00f3n de Derechos<\/a><\/span><\/p>\n<p><span style=\"color: #000080;\"><a style=\"color: #000080;\" href=\"https:\/\/diftuxpan.com\/web1\/wp-content\/uploads\/2018\/05\/Caratula-Plan-dE-Restitucion.pdf\">Caratula Plan de Restituci\u00f3n<\/a><\/span><\/p>\n<p><span style=\"color: #000000;\">DEPARTAMENTO DE TRABAJO SOCIAL:<\/span><\/p>\n<p><span style=\"color: #000080;\"><a style=\"color: #000080;\" href=\"https:\/\/diftuxpan.com\/web1\/wp-content\/uploads\/2019\/07\/FRACCION-III-INCISO-F.pdf\">Estudio SocioFamiliar Simplificado<\/a><\/span><\/p>\n<p><span style=\"color: #000000;\">CAPACITACI\u00d3N AL TRABAJO :<\/span><\/p>\n<p><span style=\"color: #000080;\"><a style=\"color: #000080;\" href=\"https:\/\/diftuxpan.com\/web1\/wp-content\/uploads\/2018\/05\/fracion-3-1-inciso-F.pdf\">Evaluaciones y Encuestas<\/a><\/span><\/p>\n<p>&nbsp;<\/p>\n<p><span style=\"color: #000000;\">SEGURIDAD ALIMENTARIA :<\/span><\/p>\n<p><span style=\"color: #000000;\">Desayunos Escolares<\/span><\/p>\n<p><span style=\"color: #000080;\"><a style=\"color: #000080;\" href=\"https:\/\/diftuxpan.com\/web1\/wp-content\/uploads\/2018\/05\/10.-Cuestionarios-DESAYUNO2019.pdf\">\u00a0Cuestionarios Desayunos Escolares 2019<\/a><\/span><\/p>\n<p><span style=\"color: #000000;\">Programa Ayuda Alimentaria Directa PAAD<\/span><\/p>\n<p><span style=\"color: #000080;\"><a style=\"color: #000080;\" href=\"https:\/\/diftuxpan.com\/web1\/wp-content\/uploads\/2018\/05\/DJ-SA-SG-RE-142-Encuesta-Focalizaci\u00f3n-Inseguridad-Alimentaria-EFIIA.pdf\">Encuesta\u00a0 de Focalizaci\u00f3n Inseguridad Alimentaria<\/a><\/span><\/p>\n<p><span style=\"color: #000000;\">Evaluaciones Programa PAAD<\/span><\/p>\n<p><span style=\"color: #000080;\"><a style=\"color: #000080;\" href=\"https:\/\/diftuxpan.com\/web1\/wp-content\/uploads\/2018\/05\/TEMA-1.-PRESENTACION-DEL-PROGRAMA.pdf\">TEMA 1.:\u00a0 Presentaci\u00f3n del Programa<\/a><\/span><\/p>\n<p><span style=\"color: #000080;\"><a style=\"color: #000080;\" href=\"https:\/\/diftuxpan.com\/web1\/wp-content\/uploads\/2018\/05\/TEMA-2.-ACTIVIDAD-FISICA.pdf\">TEMA 2. Activaci\u00f3n F\u00edsica<\/a><\/span><\/p>\n<p><span style=\"color: #000080;\"><a style=\"color: #000080;\" href=\"https:\/\/diftuxpan.com\/web1\/wp-content\/uploads\/2018\/05\/TEMA-3.-PLATO-DEL-BUEN-COMER.pdf\">TEMA 3. Plato del Buen Comer<\/a><\/span><\/p>\n<p><span style=\"color: #000080;\"> <a style=\"color: #000080;\" href=\"https:\/\/diftuxpan.com\/web1\/wp-content\/uploads\/2018\/05\/TEMA-4.-PREVENCION-Y-CONTROL-DE-ENFERMEDADES.pdf\">TEMA 4. Prevenci\u00f3n y control de Enfermedades<\/a><\/span><\/p>\n<p><span style=\"color: #000080;\"><a style=\"color: #000080;\" href=\"https:\/\/diftuxpan.com\/web1\/wp-content\/uploads\/2018\/05\/TEMA-5.-UNA-HUERTA-PARA-TODOS.pdf\">TEMA<\/a><a style=\"color: #000080;\" href=\"https:\/\/diftuxpan.com\/web1\/wp-content\/uploads\/2018\/05\/TEMA-5.-UNA-HUERTA-PARA-TODOS.pdf\">5. Una Huerta para Todos<\/a><\/span><\/p>\n<p><span style=\"color: #000080;\"><a style=\"color: #000080;\" href=\"https:\/\/diftuxpan.com\/web1\/wp-content\/uploads\/2018\/05\/TEMA-6.-VALORA-LA-CULTURA-ALIMENTARIA.pdf\">TEMA 6. Valora la Cultura Alimentaria<\/a><\/span><\/p>\n<p><span style=\"color: #000080;\"><a style=\"color: #000080;\" href=\"https:\/\/diftuxpan.com\/web1\/wp-content\/uploads\/2018\/05\/TEMA-7.-TECNICAS-CULINARIAS-Y-SUS-BENEFICIOS.pdf\">TEMA 7. T\u00e9cnicas Culinarias y sus Beneficios<\/a><\/span><\/p>\n<p><span style=\"color: #000080;\"><a style=\"color: #000080;\" href=\"https:\/\/diftuxpan.com\/web1\/wp-content\/uploads\/2018\/05\/TEMA-8.-BENEFICIOS-DE-LA-COMBINACION-DE-CEREALES-Y-LEGUMINOSAS.pdf\">TEMA 8. Beneficios de la Combinaci\u00f3n de Cereales y Leguminosas<\/a><\/span><\/p>\n<p><span style=\"color: #000080;\"><a style=\"color: #000080;\" href=\"https:\/\/diftuxpan.com\/web1\/wp-content\/uploads\/2018\/05\/TEMA-9.-LONCHERA-SALUDABLE.pdf\">TEMA 9. Lonchera Saludable<\/a><\/span><\/p>\n<p><span style=\"color: #000080;\"><a style=\"color: #000080;\" href=\"https:\/\/diftuxpan.com\/web1\/wp-content\/uploads\/2018\/05\/TEMA-10.-BEBE-MAS-AGUA.pdf\">TEMA 10. Bebe m\u00e1s Agua<\/a><\/span><\/p>\n<p><span style=\"color: #000080;\"> <a style=\"color: #000080;\" href=\"https:\/\/diftuxpan.com\/web1\/wp-content\/uploads\/2018\/05\/TEMA-11.-LACTANCIA-MATERNA.pdf\">TEMA 11. Lactancia Materna<\/a><\/span><\/p>\n<p><span style=\"color: #000080;\"><a style=\"color: #000080;\" href=\"https:\/\/diftuxpan.com\/web1\/wp-content\/uploads\/2018\/05\/TEMA-12.-PORCIONES-DE-ALIMENTOS.pdf\">TEMA 12. Porciones de Alimentos<\/a><\/span><\/p>\n<p><span style=\"color: #000000;\">Programa de Alimentaci\u00f3n para Menores No Escolarizados PROALIMNE<\/span><\/p>\n<p><span style=\"color: #000080;\"><a style=\"color: #000080;\" href=\"https:\/\/diftuxpan.com\/web1\/wp-content\/uploads\/2018\/05\/evaluacion-por-temas-pro-2019.pdf\">Evaluacion por temas Nutrici\u00f3n Extraescolar 2019<\/a><\/span><\/p>\n<p><span style=\"color: #000080;\"><a style=\"color: #000080;\" href=\"https:\/\/diftuxpan.com\/web1\/wp-content\/uploads\/2018\/05\/01-Anexo-Carta-Compromiso-del-Padre-o-Tutor-del-Beneficiario.pdf\">\u00a0Carta Compromiso del Padre o Tutor del Beneficiario<\/a><\/span><\/p>\n<p><span style=\"color: #000080;\"><a style=\"color: #000080;\" href=\"https:\/\/diftuxpan.com\/web1\/wp-content\/uploads\/2018\/05\/05-Anexo-Estudio-Sociofamiliar-Simplificado-30-01-19.pdf\">Estudio Sociofamiliar Simplificado\u00a0<\/a><\/span><\/p>\n<p><span style=\"color: #000080;\"><a style=\"color: #000080;\" href=\"https:\/\/diftuxpan.com\/web1\/wp-content\/uploads\/2018\/05\/07-Anexo-Carta-de-Comprobaci\u00f3n-de-Ingresos.pdf\">Carta de Comprobaci\u00f3n de Ingresos<\/a><\/span><\/p>\n<p>&nbsp;<\/p>\n<p>&nbsp;<\/p>\n<p>&nbsp;<\/p>\n","protected":false},"excerpt":{"rendered":"<p>Evaluaciones y Encuestas del Sujeto Obligado a Programas Financiados con Recursos P\u00fablicos CENTRO DE ATENCI\u00d3N ESPECIALIZADA EN TERAPIA FAMILIAR ( CAETF) : Plan de Restituci\u00f3n Plan<span class=\"excerpt-hellip\"> [\u2026]<\/span><\/p>\n","protected":false},"author":2,"featured_media":0,"parent":0,"menu_order":0,"comment_status":"closed","ping_status":"closed","template":"","meta":[],"_links":{"self":[{"href":"https:\/\/diftuxpan.com\/web1\/wp-json\/wp\/v2\/pages\/3583"}],"collection":[{"href":"https:\/\/diftuxpan.com\/web1\/wp-json\/wp\/v2\/pages"}],"about":[{"href":"https:\/\/diftuxpan.com\/web1\/wp-json\/wp\/v2\/types\/page"}],"author":[{"embeddable":true,"href":"https:\/\/diftuxpan.com\/web1\/wp-json\/wp\/v2\/users\/2"}],"replies":[{"embeddable":true,"href":"https:\/\/diftuxpan.com\/web1\/wp-json\/wp\/v2\/comments?post=3583"}],"version-history":[{"count":11,"href":"https:\/\/diftuxpan.com\/web1\/wp-json\/wp\/v2\/pages\/3583\/revisions"}],"predecessor-version":[{"id":5151,"href":"https:\/\/diftuxpan.com\/web1\/wp-json\/wp\/v2\/pages\/3583\/revisions\/5151"}],"wp:attachment":[{"href":"https:\/\/diftuxpan.com\/web1\/wp-json\/wp\/v2\/media?parent=3583"}],"curies":[{"name":"wp","href":"https:\/\/api.w.org\/{rel}","templated":true}]}}