{"id":3219,"date":"2018-03-26T13:12:41","date_gmt":"2018-03-26T19:12:41","guid":{"rendered":"http:\/\/diftuxpan.com\/web1\/?page_id=3219"},"modified":"2019-06-26T13:49:24","modified_gmt":"2019-06-26T19:49:24","slug":"8-2c","status":"publish","type":"page","link":"https:\/\/diftuxpan.com\/web1\/8-2c\/","title":{"rendered":"Leyes Federales y Estatales"},"content":{"rendered":"<p><span style=\"color: #000000;\">LEYES FEDERALES<\/span><\/p>\n<p><span style=\"color: #000080;\"><a style=\"color: #000080;\" href=\"http:\/\/diftuxpan.com\/web1\/wp-content\/uploads\/2018\/03\/Ley_de_Migracion-ll-c-_.pdf\">Ley de Migraci\u00f3n,<\/a><\/span><\/p>\n<p><span style=\"color: #000080;\"><a style=\"color: #000080;\" href=\"http:\/\/diftuxpan.com\/web1\/wp-content\/uploads\/2018\/03\/Ley_de_Coordinaci\u00f3n_Fiscal-ll-c_.pdf\">ley de Coordinaci\u00f3n Fiscal.<\/a><\/span><\/p>\n<p><span style=\"color: #000080;\"><a style=\"color: #000080;\" href=\"http:\/\/diftuxpan.com\/web1\/wp-content\/uploads\/2018\/03\/Ley_de_Asistencia_Social-ll-c_.pdf\">Ley de Asistencia Social<\/a>.<\/span><\/p>\n<p><span style=\"color: #000080;\"><a style=\"color: #000080;\" href=\"http:\/\/diftuxpan.com\/web1\/wp-content\/uploads\/2018\/03\/Ley_de_los_Derechos_de_las_Personas_Adultas_Mayores-ll-c_.pdf\">Ley de Derechos de las Personas Adultas.<\/a><\/span><\/p>\n<p><span style=\"color: #000080;\"><a style=\"color: #000080;\" href=\"http:\/\/diftuxpan.com\/web1\/wp-content\/uploads\/2018\/03\/03_articulos_-aplicables_de_la_Constitucion_Politica_de_los_Estados_Unidos_Mexicanos-ll-c.pdf\">Art\u00edculos aplicables de la Constituci\u00f3n Pol\u00edtica de los Estados Unidos Mexicanos\u00a0<\/a><\/span><\/p>\n<p><span style=\"color: #000080;\"><a style=\"color: #000080;\" href=\"http:\/\/diftuxpan.com\/web1\/wp-content\/uploads\/2018\/03\/Ley_Federal_de_Archivos-ll-c_.pdf\">Ley Federal de Archivos\u00a0<\/a><\/span><\/p>\n<p><span style=\"color: #000080;\"><a style=\"color: #000080;\" href=\"http:\/\/diftuxpan.com\/web1\/wp-content\/uploads\/2018\/03\/Ley_Federal_de_Proteccion_de_Datos_en_Posesion_de_los_Particulares-ll-c_.pdf\">Ley Federal de Protecci\u00f3n de Datos en Posesi\u00f3n de los Particulares<\/a><\/span><\/p>\n<p><span style=\"color: #000080;\"><a style=\"color: #000080;\" href=\"http:\/\/diftuxpan.com\/web1\/wp-content\/uploads\/2018\/03\/Ley_Federal_de_Trabajo-ll-c_.pdf\">Ley Federal del Trabajo<\/a><\/span><\/p>\n<p><span style=\"color: #000080;\"><a style=\"color: #000080;\" href=\"http:\/\/diftuxpan.com\/web1\/wp-content\/uploads\/2018\/03\/Ley_General_de_Acceso_de_las_Mujeres_a_una_Vida_Libre_de_Violencia-11-c_.pdf\">Ley General de Acceso de las Mujeres a una Vida Libre de Violencia\u00a0<\/a><\/span><\/p>\n<p><span style=\"color: #000080;\"><a style=\"color: #000080;\" href=\"http:\/\/diftuxpan.com\/web1\/wp-content\/uploads\/2018\/03\/Ley_General_de_Contabilidad_Gubernamental-ll-c_.pdf\">Ley General de Contabilidad Gubernamental<\/a><\/span><\/p>\n<p><span style=\"color: #000080;\"><a style=\"color: #000080;\" href=\"http:\/\/diftuxpan.com\/web1\/wp-content\/uploads\/2018\/03\/Ley_General_de_los_Derechos_de_Ninas_Ninos_y_Adolescentes-ll-c_.pdf\">Ley General de los Derechos de Ni\u00f1as Ni\u00f1os y Adolescentes<\/a><\/span><\/p>\n<p><span style=\"color: #000080;\"><a style=\"color: #000080;\" href=\"http:\/\/diftuxpan.com\/web1\/wp-content\/uploads\/2018\/03\/Ley_General_de_Prestacion_de_Servicios_para_la_Atencion-ll-c_.pdf\">Ley General de Prestaci\u00f3n de Servicios para la Atenci\u00f3n<\/a><\/span><\/p>\n<p><span style=\"color: #000080;\"><a style=\"color: #000080;\" href=\"http:\/\/diftuxpan.com\/web1\/wp-content\/uploads\/2018\/03\/Ley_General_para_Atencion_y_Proteccion_a_Personas_con_la_Con_del_Espectro_Autista-ll-c_.pdf\">Ley General para Atenci\u00f3n y Protecci\u00f3n a Personas con la Con del Espectro Autista<\/a><\/span><\/p>\n<p><span style=\"color: #000080;\"><a style=\"color: #000080;\" href=\"http:\/\/diftuxpan.com\/web1\/wp-content\/uploads\/2018\/03\/Ley_General_para_la_Igualdad_entre_Mujeres_y_Hombres-ll-c_.pdf\">Ley General para la Igualdad entre Mujeres y Hombres<\/a><\/span><\/p>\n<p><span style=\"color: #000080;\"><a style=\"color: #000080;\" href=\"http:\/\/diftuxpan.com\/web1\/wp-content\/uploads\/2018\/03\/Ley_General_para_la_Inclusion_de_las_Personas_con_Discapacidad-ll-c_.pdf\">Ley General para la Inclusi\u00f3n de las Personas con Discapacidad<\/a><\/span><\/p>\n<p>&nbsp;<\/p>\n<p><span style=\"color: #000000;\">LEYES ESTATALES<\/span><\/p>\n<p><span style=\"color: #000080;\"><a style=\"color: #000080;\" href=\"http:\/\/diftuxpan.com\/web1\/wp-content\/uploads\/2018\/03\/Ley_de_Adquisiciones_y_Enajenaciones_del_Estado_de_Jalisco-Estatal-ll-c_.pdf\">Ley de Adquisiciones y Enajenaciones del Estado.<\/a><\/span><\/p>\n<p><span style=\"color: #000080;\"><a style=\"color: #000080;\" href=\"http:\/\/diftuxpan.com\/web1\/wp-content\/uploads\/2018\/03\/Ley_de_Atencion_a_la_Juventud_del_Estado_de_Jalisco-Estatal-llc_.pdf\">Ley de Atenci\u00f3n a la Juventud del Estado.<\/a><\/span><\/p>\n<p><span style=\"color: #000080;\"><a style=\"color: #000080;\" href=\"http:\/\/diftuxpan.com\/web1\/wp-content\/uploads\/2018\/03\/Ley_de_Atencion_a_Victimas_del_Estado_de_Jalisco-Estatal-ll-c_.pdf\">Ley de Atenci\u00f3n a Victimas del Estado.<\/a><\/span><\/p>\n<p><span style=\"color: #000080;\"><a style=\"color: #000080;\" href=\"http:\/\/diftuxpan.com\/web1\/wp-content\/uploads\/2018\/03\/LEY_DE_AUSTERIDAD_Y_AHORRO_DEL_ESTADO_DE_JALISCO_Y_SUS_MUNICIPIOS-II-C_.pdf\">Ley de\u00a0 Austeridad y Ahorro del Estado de Jalisco y sus Municipios.<\/a><\/span><\/p>\n<p><span style=\"color: #000080;\"><a style=\"color: #000080;\" href=\"http:\/\/diftuxpan.com\/web1\/wp-content\/uploads\/2018\/03\/Ley_de_Deuda_Publica_del_Estado_de_Jalisco_-y_sus_Municipios.pdf\">Ley de Deuda Publica del Estado de Jalisco y sus Municipios.<\/a><\/span><\/p>\n<p><span style=\"color: #000080;\"><a style=\"color: #000080;\" href=\"http:\/\/diftuxpan.com\/web1\/wp-content\/uploads\/2018\/03\/Ley_de_Educacion_del_Estado_de_Jalisco.pdf\">Ley de Educaci\u00f3n del Estado\u00a0<\/a><\/span><\/p>\n<p><span style=\"color: #000080;\"><a style=\"color: #000080;\" href=\"http:\/\/diftuxpan.com\/web1\/wp-content\/uploads\/2018\/03\/Ley_de_Entrega-Recepcion_del_Estado_de_Jalisco_y_sus_Municipios.pdf\">Ley de Entrega-Recepci\u00f3n del Estado de Jalisco y sus Municipios.<\/a><\/span><\/p>\n<p><span style=\"color: #000080;\"><a style=\"color: #000080;\" href=\"http:\/\/diftuxpan.com\/web1\/wp-content\/uploads\/2018\/03\/Ley_de_Fiscalizacion_Superior_y_Auditoria_Publica_del_Estado_de_Jalisco_y_sus_Municipios-_1_.pdf\">Ley de Fiscalizaci\u00f3n Superior y Auditoria Publica del Estado de Jalisco y sus Municipios<\/a><\/span><\/p>\n<p><span style=\"color: #000080;\"><a style=\"color: #000080;\" href=\"http:\/\/diftuxpan.com\/web1\/wp-content\/uploads\/2018\/03\/Ley_de_Atencion_a_Victimas_del_Estado_de_Jalisco-_2_.pdf\">Ley de Atenci\u00f3n a Victimas del Estado.<\/a><\/span><\/p>\n<p><span style=\"color: #000080;\"><a style=\"color: #000080;\" href=\"http:\/\/diftuxpan.com\/web1\/wp-content\/uploads\/2018\/03\/Ley_de_Deuda_Publica_del_Estado_de_Jalisco_-y_sus_Municipios-_1_.pdf\">Ley de Deuda Publica del Estado de Jalisco y sus Municipios<\/a><\/span><\/p>\n<p><span style=\"color: #000080;\"><a style=\"color: #000080;\" href=\"http:\/\/diftuxpan.com\/web1\/wp-content\/uploads\/2018\/03\/Ley_de_Educacion_del_Estado_de_Jalisco-_3_.pdf\">Ley de Educacion del Estado de Jalisc<\/a>o<\/span><\/p>\n<p><span style=\"color: #000080;\"><a style=\"color: #000080;\" href=\"http:\/\/diftuxpan.com\/web1\/wp-content\/uploads\/2018\/03\/Ley_de_Fiscalizacion_Superior_y_Auditoria_Publica_del_Estado_de_Jalisco_y_sus_Municipios-_2_.pdf\">Ley de Fiscalizacion Superior y Auditoria Publica del Estado de Jalisco y sus Municipi<\/a>os<\/span><\/p>\n<p><span style=\"color: #000080;\"><a style=\"color: #000080;\" href=\"http:\/\/diftuxpan.com\/web1\/wp-content\/uploads\/2018\/03\/Ley_de_Hacienda_Municipal_del_Estado_de_Jalisco-_1_.pdf\">Ley de Hacienda Municipal del Estado de Jalisco.<\/a><\/span><\/p>\n<p><span style=\"color: #000080;\"><a style=\"color: #000080;\" href=\"http:\/\/diftuxpan.com\/web1\/wp-content\/uploads\/2018\/03\/Ley_de_Incompatibilidades_para_los_Serv_Pub._Regla._Art._112_de_la_Cons._Edo_de_Jal.pdf\">Ley de Incompatibilidades para los Serv.Pub. Regla. Art. 112 de la Constitucion del\u00a0 Edo.<\/a><\/span><\/p>\n<p><span style=\"color: #000080;\"><a style=\"color: #000080;\" href=\"http:\/\/diftuxpan.com\/web1\/wp-content\/uploads\/2018\/03\/Ley_de_los_Derechos_de_Ninas_Ninos_y_Adolescentes_en_el_Estado_de_Jalisco.pdf\">Ley de los Derechos de Ninas Ninos y Adolescentes en el Estado<\/a>.<\/span><\/p>\n<p><span style=\"color: #000080;\"><a style=\"color: #000080;\" href=\"http:\/\/diftuxpan.com\/web1\/wp-content\/uploads\/2018\/03\/Ley_de_Proteccion_Civil_del_Estado.pdf\">Ley de Proteccion Civil del Estado<\/a><\/span><\/p>\n<p><span style=\"color: #000080;\"><a style=\"color: #000080;\" href=\"http:\/\/diftuxpan.com\/web1\/wp-content\/uploads\/2018\/03\/Ley_de_Protecci\u00f3n_de_Datos_Personales_en_Posesi\u00f3n_de_Sujetos_Obligados.pdf\">Ley de Protecci\u00f3n de Datos Personales en Posesi\u00f3n de Sujetos Obligados<\/a>.<\/span><\/p>\n<p><span style=\"color: #000080;\"><a style=\"color: #000080;\" href=\"http:\/\/diftuxpan.com\/web1\/wp-content\/uploads\/2018\/03\/Ley_de_Responsabilidades_de_los_Servidores_Publicos_del_Estado_de_Jalisco.pdf\">Ley de Responsabilidades de los Servidores P\u00fablicos del Estado.<\/a><\/span><\/p>\n<p><span style=\"color: #000080;\"><a style=\"color: #000080;\" href=\"http:\/\/diftuxpan.com\/web1\/wp-content\/uploads\/2018\/03\/Ley_de_Responsabilidades_Pol\u00edticas_y_Administrativas_del_Estado_de_Jalisco.pdf\">Ley de Responsabilidades Pol\u00edticas y Administrativas del Estado<\/a><\/span><\/p>\n<p><span style=\"color: #000080;\"><a style=\"color: #000080;\" href=\"http:\/\/diftuxpan.com\/web1\/wp-content\/uploads\/2018\/03\/Ley_de_Salud_del_Estado_de_Jalisco.pdf\">Ley de Salud del Estado de Jalisco<\/a><\/span><\/p>\n<p><span style=\"color: #000080;\"><a style=\"color: #000080;\" href=\"http:\/\/diftuxpan.com\/web1\/wp-content\/uploads\/2018\/03\/Ley_de_Transparencia_y_Acceso_a_la_Inf._Pub._del_Edo_de_Jalisco_y_sus_Mpios.pdf\">Ley de Transparencia y Acceso a la Inf. Pub. del Edo de Jalisco y sus Mpios.<\/a><\/span><\/p>\n<p><span style=\"color: #000080;\"><a style=\"color: #000080;\" href=\"http:\/\/diftuxpan.com\/web1\/wp-content\/uploads\/2018\/03\/Ley_del_Gobierno_y_la_Administracion_Publica_Municipal.pdf\">Ley del Gobierno y la Administracion Publica Municipal<\/a><\/span><\/p>\n<p><span style=\"color: #000080;\"><a style=\"color: #000080;\" href=\"http:\/\/diftuxpan.com\/web1\/wp-content\/uploads\/2018\/03\/Ley_del_Presupuesto_Contabilidad_y_Gasto_Publico_del_Estado_de_Jalisco.pdf\">Ley del Presupuesto,Contabilidad y Gasto Publico del Estado de Jalisco<\/a><\/span><\/p>\n<p><span style=\"color: #000080;\"><a style=\"color: #000080;\" href=\"http:\/\/diftuxpan.com\/web1\/wp-content\/uploads\/2018\/03\/Ley_del_Procedimiento_Administrativo_del_Estado_de_Jalisco.pdf\">Ley del Procedimiento Administrativo del Estado de Jalisco<\/a><\/span><\/p>\n<p><span style=\"color: #000080;\"><a style=\"color: #000080;\" href=\"http:\/\/diftuxpan.com\/web1\/wp-content\/uploads\/2018\/03\/Ley_del_Registro_Civil_del_Estado_de_Jalisco.pdf\">Ley del Registro Civil del Estado de Jalisco<\/a><\/span><\/p>\n<p><span style=\"color: #000080;\"><a style=\"color: #000080;\" href=\"http:\/\/diftuxpan.com\/web1\/wp-content\/uploads\/2018\/03\/Ley_Estatal_para_Promover_la_Igualdad_Prevenir_y_Eliminar_la_Discriminaci\u00f3n_en_el_Estado_de_Jalisco.pdf\">Ley Estatal para Promover la Igualdad, Prevenir y Eliminar la Discriminaci\u00f3n en el Estado de Jalisco<\/a><\/span><\/p>\n<p><span style=\"color: #000080;\"><a style=\"color: #000080;\" href=\"http:\/\/diftuxpan.com\/web1\/wp-content\/uploads\/2018\/03\/Ley_General_de_Derechos_Linguisticos_de_los_Pueblos_Indigenas-ll-c_.pdf\">Ley General de Derechos Linguisticos de los Pueblos Indigenas<\/a><\/span><\/p>\n<p><span style=\"color: #000080;\"><a style=\"color: #000080;\" href=\"http:\/\/diftuxpan.com\/web1\/wp-content\/uploads\/2018\/03\/Ley_para_el_Desarrollo_Integral_del_Adulto_Mayor_del_Estado_de_Jalisco.pdf\">Ley para el Desarrollo Integral del Adulto Mayor del Estado<\/a><\/span><\/p>\n<p><span style=\"color: #000080;\"><a style=\"color: #000080;\" href=\"http:\/\/diftuxpan.com\/web1\/wp-content\/uploads\/2018\/03\/Ley_para_la_Atencion_y_Desarrollo_Integral_de_Personas_con_Disc._Edo_de_Jal.pdf\">Ley para la Atenci\u00f3n y Desarrollo Integral de Personas con Discapacidad en el Estado.<\/a><\/span><\/p>\n<p><span style=\"color: #000080;\"><a style=\"color: #000080;\" href=\"http:\/\/diftuxpan.com\/web1\/wp-content\/uploads\/2018\/03\/Ley_para_la_Inclusion_y_Desarrollo_Integral_de_las_personas_con_Disc_Edo_de_Jal.pdf\">Ley para la Inclusi\u00f3n y Desarrollo Integral de las personas con Discapacidad en el Estado<\/a><\/span><\/p>\n<p><span style=\"color: #000080;\"><a style=\"color: #000080;\" href=\"http:\/\/diftuxpan.com\/web1\/wp-content\/uploads\/2018\/03\/Ley_para_la_Prevencion_y_Atencion_de_la_Violencia_Intrafamiliar_del_Estado_de_Jalisco.pdf\">Ley para la Prevenci\u00f3n y Atenci\u00f3n de la Violencia Intrafamiliar del Estado.<\/a><\/span><\/p>\n<p><span style=\"color: #000080;\"><a style=\"color: #000080;\" href=\"http:\/\/diftuxpan.com\/web1\/wp-content\/uploads\/2018\/03\/Ley_para_la_Proteccion_y_Apoyo_de_las_Madres_Jefas_de_Familia_del_Estado_de_Jalisco.pdf\">Ley para la Protecci\u00f3n y Apoyo de las Madres Jefas de Familia del Estado<\/a><\/span><\/p>\n<p><span style=\"color: #000080;\"><a style=\"color: #000080;\" href=\"http:\/\/diftuxpan.com\/web1\/wp-content\/uploads\/2018\/03\/Ley_para_los_Servidores_Publicos_del_Estado_de_Jalisco_y_sus_Municipios.pdf\">Ley para los Servidores P\u00fablicos del Estado de Jalisco y sus Municipios<\/a><\/span><\/p>\n<p><span style=\"color: #000080;\"><a style=\"color: #000080;\" href=\"http:\/\/diftuxpan.com\/web1\/wp-content\/uploads\/2018\/03\/Ley_que_Regula_los_Centros_de_Atencion_Infantil_en_el_Estado_de_Jalisco.pdf\">Ley que Regula los Centros de Atenci\u00f3n Infantil en el Estado.<\/a><\/span><\/p>\n<p><span style=\"color: #000080;\"><a style=\"color: #000080;\" href=\"http:\/\/diftuxpan.com\/web1\/wp-content\/uploads\/2018\/03\/Reglamento_de_la_Ley_de_Austeridad_y_Ahorro_para_el_Poder_Ejecutivo.pdf\">Reglamento de la Ley de Austeridad y Ahorro para el Poder Ejecutivo.<\/a><\/span><\/p>\n<p><span style=\"color: #000080;\"><a style=\"color: #000080;\" href=\"http:\/\/diftuxpan.com\/web1\/wp-content\/uploads\/2018\/03\/Reglamento_de_la_Ley_de_Entrega_Recepci\u00f3n_para_el_Poder_Ejecutivo_del_Estado_de_Jalisco.pdf\">Reglamento de la Ley de Entrega Recepci\u00f3n para el Poder Ejecutivo del Estado<\/a><\/span><\/p>\n<p><span style=\"color: #000080;\"><a style=\"color: #000080;\" href=\"http:\/\/diftuxpan.com\/web1\/wp-content\/uploads\/2018\/03\/Reglamento_de_la_Ley_de_Transparencia_y_Acceso_a_la_Inf_Pub_Edo_de_Jal_y_sus_Mpios.pdf\">Reglamento de la Ley de Transparencia y Acceso a la Inf. Pub. del Edo.y sus Mpios.<\/a><\/span><\/p>\n<p><span style=\"color: #0000ff;\"><a style=\"color: #0000ff;\" href=\"https:\/\/diftuxpan.com\/web1\/wp-content\/uploads\/2018\/03\/Ley_violencia_intrafamiliar.pdf\">Ley para la Atenci\u00f3n y Prevenci\u00f3n a la violencia intrafamiliar<\/a><\/span><\/p>\n","protected":false},"excerpt":{"rendered":"<p>LEYES FEDERALES Ley de Migraci\u00f3n, ley de Coordinaci\u00f3n Fiscal. Ley de Asistencia Social. Ley de Derechos de las Personas Adultas. Art\u00edculos aplicables de la Constituci\u00f3n Pol\u00edtica<span class=\"excerpt-hellip\"> [\u2026]<\/span><\/p>\n","protected":false},"author":2,"featured_media":0,"parent":0,"menu_order":0,"comment_status":"closed","ping_status":"closed","template":"","meta":[],"_links":{"self":[{"href":"https:\/\/diftuxpan.com\/web1\/wp-json\/wp\/v2\/pages\/3219"}],"collection":[{"href":"https:\/\/diftuxpan.com\/web1\/wp-json\/wp\/v2\/pages"}],"about":[{"href":"https:\/\/diftuxpan.com\/web1\/wp-json\/wp\/v2\/types\/page"}],"author":[{"embeddable":true,"href":"https:\/\/diftuxpan.com\/web1\/wp-json\/wp\/v2\/users\/2"}],"replies":[{"embeddable":true,"href":"https:\/\/diftuxpan.com\/web1\/wp-json\/wp\/v2\/comments?post=3219"}],"version-history":[{"count":14,"href":"https:\/\/diftuxpan.com\/web1\/wp-json\/wp\/v2\/pages\/3219\/revisions"}],"predecessor-version":[{"id":4801,"href":"https:\/\/diftuxpan.com\/web1\/wp-json\/wp\/v2\/pages\/3219\/revisions\/4801"}],"wp:attachment":[{"href":"https:\/\/diftuxpan.com\/web1\/wp-json\/wp\/v2\/media?parent=3219"}],"curies":[{"name":"wp","href":"https:\/\/api.w.org\/{rel}","templated":true}]}}